b + j + 4 = 0. Give q(b).
4
Suppose 0 = -596*x + 592*x + 40. Let f(b) = b + 3. Let t(a) = 1. Let p(s) = -f(s) + 2*t(s). Give p(x).
-11
Let a(g) = 13*g**3 + 25*g**2 - 33*g - 28. Let j(t) = -3*t**3 - 6*t**2 + 8*t + 7. Let m = -122 - -124. Let s(d) = m*a(d) + 9*j(d). Calculate s(-5).
2
Let b(s) = -5*s**2 - 2*s + s - 6 - 2*s - 5*s**3 + 4*s**3. Let m be -12*(0 + 1/(-3)). Suppose 2*v - 3*v - m = 0. Calculate b(v).
-10
Let c(q) = -9*q**3 + q - 1. Let d(a) = 58*a + 291. Let b be d(-5). What is c(b)?
-9
Let d(l) = -8*l - 124. Let h(q) = -4*q - 60. Let k(t) = 6*d(t) - 13*h(t). What is k(-8)?
4
Let o(h) = -1283*h - h**2 - 109 + 421*h + 422*h + 418*h. Calculate o(-14).
3
Let s(b) = 484*b + 68. Let v(u) = 181*u + 23. Let h(x) = 3*s(x) - 8*v(x). Determine h(-5).
0
Let o(j) = 30796*j - 15395*j - 15393*j + 69. Determine o(-5).
29
Suppose -20*a - 9 = -29*a. Suppose 4*q - 2*q = 4. Let w(v) = 7*v**3 - q*v - 9 + 9 + 1. Determine w(a).
6
Let v(a) = -a**2 - 17*a + 67. Suppose 520 = -81*l + 55*l. Calculate v(l).
7
Let n(u) be the second derivative of u**4/3 + 23*u**3/6 + 8*u**2 - u. Let f(k) = -3*k - 4 - 6*k + 3*k - k**2. Let a(d) = -9*f(d) - 2*n(d). What is a(-6)?
-8
Let k = 3380 + -3368. Let v(q) be the first derivative of -k + q + 4*q**3 - 1/2*q**2. Give v(1).
12
Let f(c) be the first derivative of -c**4/2 - c**2 + c - 23. Let a be f(1). Let r(w) = -5*w**2 + 2*w - 16*w**2 - 2 + 22*w**2. Determine r(a).
1
Let n(m) = -29 + m**2 + 0*m**2 + 7*m - 4*m - 29 + 41. What is n(7)?
53
Let x(s) be the third derivative of s**4/24 - 2*s**3 + 1632*s**2 + 2*s + 1. Determine x(3).
-9
Let i(o) = 2*o**3 + 13*o**2 + 96*o - 9. Let d(s) = -3*s**3 - 19*s**2 - 151*s + 13. Let m(a) = 5*d(a) + 8*i(a). Give m(-7).
0
Suppose -3*k + 0*k + 3*y + 15 = 0, -4*k - y = -20. Let i(n) = 37*n - 3 + 1 + 6 - k - 4*n. What is i(-1)?
-34
Let h(u) be the third derivative of -u**6/120 - 7*u**5/12 - 35*u**4/24 - 22*u**3/3 + 20*u**2 + 22. What is h(-34)?
-10
Let g(y) = 6*y**2 + 76 + 24 - 3*y**2 - 3*y - 95. Let w = 21 - 18. Determine g(w).
23
Let c(a) = 12*a**2 + 3*a + 1. Let z be c(-1). Let w = z + -11. Let v be (w - 18/(-12))*(1 - -13). Let o(h) = -h**2 + 8*h + 9. What is o(v)?
16
Let r(u) = 5*u + 10. Let x(g) = -12*g - 27. Let q(w) = 14*r(w) + 6*x(w). Determine q(-9).
-4
Let z(c) = -5*c - 22. Let p(h) = -2*h**3 + 5*h**2 - 15*h + 67. Let j be p(3). What is z(j)?
-87
Let y(t) = -t**2 - 15*t + 16. Suppose 40*z - 72*z + 46*z + 168 = 0. Determine y(z).
52
Let p = 6754 - 6749. Let m(a) = -19*a + 9. Calculate m(p).
-86
Suppose -l + 2*k - 3 - 8 = 0, -2*k + 4 = 0. Suppose 3*d - 5 = 10. Let z(m) = 4*m + 0 - d*m + 2 - 3. Determine z(l).
6
Let a(m) = 26*m**2 - 18*m - 13. Suppose 12*r - 11 = 13*r. Let s(u) = 14*u**2 - 10*u - 7. Let j(g) = r*s(g) + 6*a(g). Calculate j(-2).
3
Let z(y) = y + 2. Let v = -302 + 169. Suppose -60*f = -66*f + 24. Let d be v/(-35) + 1 + f/(-5). Give z(d).
6
Let n(v) = 3*v - 8. Let p = 45 - -109. Let q be 6/(-7)*p/(-33). What is n(q)?
4
Let p be 8/(-2) - (-1529)/(-11). Let w = 154 + p. Let l(h) = -h**3 + 10*h**2 + 10*h + 16. Determine l(w).
5
Let a(i) = -i**3 - 5*i**2 - i + 5. Suppose 51*t - 44*t = -21. Let p be (-3 - t - 0)/(8/(-4)). Suppose 2*v + 5 + 3 = p. Give a(v).
-7
Let m(d) = -d**3 - 4*d**2 + 7*d + 5. Suppose -3*i - 14 = -i - 5*k, -k - 6 = 4*i. Let j(v) = -18*v - 41. Let o be j(i). Determine m(o).
-5
Let i(j) = 0*j**2 - j**3 - 6*j**2 + 3 + j - 2*j**2. Suppose -34*x + 25*x - 36 = 0. Let v(b) = -2*b**3 - 9*b**2 - 4*b - 8. Let f be v(x). Calculate i(f).
-5
Let n(l) = -36 + 7*l**2 - 2*l**2 + 20 - 4*l**2. What is n(4)?
0
Let j = -96 - -101. Suppose 3 - 13 = j*v. Let b(t) = -4*t**2 - t. Calculate b(v).
-14
Let c(p) = -20*p**3 - 59*p**2 + 5*p + 8. Let k be c(-3). Let x(s) = 16*s + 2. What is x(k)?
34
Let f(r) = -r**3 + 2*r**2 + 2*r - 7. Let z = -208 - -211. What is f(z)?
-10
Let p = 500 + -495. Let h(m) = 3*m**2 + 12*m - 9. Let k(r) = 8*r**2 + 26*r - 19. Let s(n) = -5*h(n) + 2*k(n). Calculate s(p).
-8
Let p(g) = 3957 - 1997 + 0*g - 10*g - 1985 - g + g**2. Calculate p(15).
35
Let o = 111 + -52. Let x(c) = -58 - 15*c**2 + 6*c**2 - 2*c + o. What is x(1)?
-10
Let m(v) = 1139 - 24*v - 1153 + 56*v. Calculate m(-5).
-174
Let x(l) = -l**3 - 21*l**2 - l + 16. Suppose -3*i + 99 = -5*z, 16*z - 15*z + 13 = 4*i. Calculate x(z).
37
Let c(z) = -226*z**2 - z**3 - 17 + 13*z + 2*z + 203*z**2 - 38*z. Calculate c(-22).
5
Let u(l) be the third derivative of 0 + 1/6*l**3 + 6*l**2 - 1/60*l**5 + 0*l - 1/15*l**6 + 1/24*l**4. Let j = -56 - -55. Calculate u(j).
7
Let j(m) = 2*m**2 + 5*m**2 + 6 - m**2 + m**3 - 6*m. Let n be (-345)/(-46)*(-1496)/(-20). Suppose n - 113 = -64*k. Calculate j(k).
-1
Let d(r) = -7*r**3 + 6*r**2 + 4*r - 34. Let w(j) = -5*j**3 + 9*j**2 + 9*j - 36. Let z(g) = 2*d(g) - 3*w(g). Calculate z(16).
-8
Let n(x) = x**3 + 13*x**2 - 49*x - 14. Let y be n(-16). Let s(k) = -33 - 8*k + 32 + y*k. Determine s(-1).
5
Let a(i) be the third derivative of i**6/120 + i**5/12 + i**4/8 - i**3/6 + 2*i**2. Suppose -4*t + 88 + 92 = 0. Suppose -2*k - 51 + t = 0. What is a(k)?
8
Suppose 87*u - 46*u - 55 = 52*u. Let j(a) = -18*a - 71. Determine j(u).
19
Let w(j) = -j + 2. Let b be 6/4*1500/225. Suppose -3*u + 2*q = -4, -5 + b = 4*u - 3*q. Give w(u).
0
Let g(q) = 4*q + 1. Let n(y) = y**3 - 5*y**2 + y + 15. Let h be n(4). Let m be (1 + 0)*9/h. Suppose -m*f - 2*f - 10 = 4*o, -19 = 3*f + 5*o. Determine g(f).
9
Let b(c) = -133*c**3 + c + 33 - 127*c**3 + 393*c**3 - 134*c**3 - 33*c**2. Give b(-33).
0
Suppose -10*u + 105 + 15 = 0. Let w(y) = y**3 - 14*y**2 + 29*y + 11. What is w(u)?
71
Let p(c) = -43*c**2 + 21*c + 20. Let u(i) = 14*i**2 + 65*i - 232. Let l be u(-7). What is p(l)?
-44
Let d(c) = c**2 + 7*c - 43. Let x be 3/(407/(-44) + 9). What is d(x)?
17
Let q(t) = t**3 + 5*t**2 + 2*t + 1. Let n(p) be the second derivative of -p**3 + 27*p**2/2 - p. Suppose 0 = -20*s + 97*s - 385. Let r be n(s). What is q(r)?
13
Let v(y) = -y**3 - 6*y**2 + 11*y + 6. Let g be 6934/66 + 18/(-297). Suppose -30*l + 45*l = -g. Calculate v(l).
-22
Let n(a) be the second derivative of -a**4/12 - a**3/3 - 11*a**2/2 + 799*a - 5. What is n(-6)?
-35
Suppose -2*v - 22 = 6*t, -7*v = -t - 5*v + 15. Let h(r) = 2*r**3 + 8*r**2 - 8*r. Let c(u) = -u**3 - 7*u**2 + 7*u. Let b(l) = 7*c(l) + 6*h(l). Determine b(t).
-7
Let j(a) = -9*a**3 + 13*a**2 + 3*a + 15. Let f(n) = -4*n**3 + 6*n**2 + 2*n - 1. Let t(c) = -2*f(c) + j(c). Let s(w) = -w - 2. Let p be s(-2). Determine t(p).
17
Let r(x) be the first derivative of -x**3/3 + x**2 + 12*x + 4688. Give r(7).
-23
Let x(m) = -m**2 - 7*m. Let d = 1493 - 797. Let o be 1 + (-8)/(-18) + d/(-108). Calculate x(o).
10
Let h(b) = b**2 - b - 8. Suppose -3*f = -0*f + 5*f. Suppose f*k = 4*k. Suppose 11*q - 6*q = k. What is h(q)?
-8
Let d(w) be the first derivative of w**4/4 + 4*w**3/3 + 3*w**2/2 + 3*w - 985. Calculate d(-3).
3
Let k(w) = -w**3 + 3*w**2 - w. Suppose -b = 6*b + 21. Let d be (b - (-2 - 4)) + -1. What is k(d)?
2
Suppose -2*c + u = -3, -3*u - 10 = -c + 4. Let y = -12 - -15. Let q(r) = -2 - 4*r**y - 4*r + 2*r - r**2 + 2*r**3 + 1. Determine q(c).
2
Let j(n) = 129*n - 7326. Let m be j(57). Let d(t) = -t**3 + 28*t**2 - 27*t + 3. Give d(m).
3
Suppose -4*j + 188 = 10*f - 6*f, 0 = -5*j + 5*f + 275. Suppose -12*h = -j + 135. Let r(w) = -5*w - 7. Determine r(h).
28
Let f(o) = 49*o**2 - 39*o + 95. Let z(i) = 11*i**2 - 10*i + 24. Let h(d) = -2*f(d) + 9*z(d). What is h(8)?
-6
Let r(i) be the first derivative of -i**5/60 + i**4/6 - 5*i**3/6 - 39*i**2/2 + 16. Let s(x) be the second derivative of r(x). Calculate s(4).
-5
Suppose 2*m + 8*m = -10. Let p be 4 + (1 + m + 0)/(-2). Let r(w) = 0*w + 0*w + p - w. Calculate r(7).
-3
Let w(g) = 37*g**2 + 3*g + 4. Suppose 2*v = 8*i - 3*i + 20, i - 5*v = 19. Let y(a) = 13*a**2 + a + 1. Let m(n) = i*w(n) + 17*y(n). Calculate m(5).
-37
Let r(d) be the second derivative of d**3 - 5*d**2/2 + d. Let f be -6*(-44)/42 + 10/(-35). Determine r(f).
31
Let t(q) = -2*q + 4. Suppose 108*x - 640 = 140*x. Give t(x).
44
Let z(a) = -a**3 + 4*a**2 - 6*a. Suppose -4*w + 11 = 5*o, -5*o - 559 + 574 = 5*w. What is z(w)?
-24
Suppose -11*x = 12*m - 17*m + 79, 0 = -5*x - 2*m - 53. Let j(q) = q**2 + 7*q + 13. Give j(x).
31
Let a(f) = -f**3 + 21*f**2 - 68*f + 6. Let m = -268 + 285. Let z be a(m). Let b(y) = y. Give b(z).
6
Let